{"id":90,"date":"2019-04-03T09:44:57","date_gmt":"2019-04-03T07:44:57","guid":{"rendered":"http:\/\/emtt48.fr\/?page_id=90"},"modified":"2019-04-04T13:34:45","modified_gmt":"2019-04-04T11:34:45","slug":"saison-2017-2016","status":"publish","type":"page","link":"https:\/\/emtt48.fr\/index.php\/saison-2017-2016\/","title":{"rendered":"Saison 2016-2017"},"content":{"rendered":"\n<b>Championnat de LOZERE 2017 &#8211; MENDE<\/b><br>\n<a href=\"https:\/\/get.google.com\/albumarchive\/pwa\/113828188805546847589\/album\/6432904244877613665\" target=\"_blank\" rel=\"noopener noreferrer\"><img src=\"http:\/\/emtt48.fr\/wp-content\/uploads\/2019\/04\/champ-lozere-2017.jpg\" width=\"500\" alt=\"Championnat de LOZERE 2017 - MENDE\"><\/a>\n\n\n\n<div style=\"height:100px\" aria-hidden=\"true\" class=\"wp-block-spacer\"><\/div>\n\n\n\n<b>Repas fin d&#8217;ann\u00e9e &#8211; 30-06-17<\/b><br>\n<a href=\"https:\/\/get.google.com\/albumarchive\/pwa\/113828188805546847589\/album\/6437854963456500097\" target=\"_blank\" rel=\"noopener noreferrer\"><img src=\"http:\/\/emtt48.fr\/wp-content\/uploads\/2019\/04\/repas-fin-annee-17.jpg\" width=\"500\" alt=\"Repas fin d'ann\u00e9e - 30-06-17\"><\/a>\n\n\n\n<div style=\"height:100px\" aria-hidden=\"true\" class=\"wp-block-spacer\"><\/div>\n\n\n\n<b>Les groupes du Mercredi<\/b><br>\n<a href=\"https:\/\/get.google.com\/albumarchive\/pwa\/113828188805546847589\/album\/6416717256612442433\" target=\"_blank\" rel=\"noopener noreferrer\"><img src=\"http:\/\/emtt48.fr\/wp-content\/uploads\/2019\/04\/groupe-mercredi.jpg\" width=\"500\" alt=\"Les groupes du Mercredi\"><\/a>\n\n\n\n<div style=\"height:100px\" aria-hidden=\"true\" class=\"wp-block-spacer\"><\/div>\n\n\n\n<b>Baby Ping &#8211; Derni\u00e8re S\u00e9ance &#8211; 12-06-17<\/b><br>\n<a href=\"https:\/\/get.google.com\/albumarchive\/pwa\/113828188805546847589\/album\/6432942354538387697\" target=\"_blank\" rel=\"noopener noreferrer\"><img src=\"http:\/\/emtt48.fr\/wp-content\/uploads\/2019\/04\/baby-ping-last.jpg\" width=\"500\" alt=\"Baby Ping - Derni\u00e8re S\u00e9ance - 12-06-17\"><\/a>\n\n\n\n<div style=\"height:100px\" aria-hidden=\"true\" class=\"wp-block-spacer\"><\/div>\n\n\n\n<b>R1-R2-R3 MENDE 23-04-17<\/b><br>\n<a href=\"https:\/\/get.google.com\/albumarchive\/pwa\/113828188805546847589\/album\/6416361560369965153\" target=\"_blank\" rel=\"noopener noreferrer\"><img src=\"http:\/\/emtt48.fr\/wp-content\/uploads\/2019\/04\/r1r2r3.jpg\" width=\"500\" alt=\"R1-R2-R3 MENDE 23-04-17\"><\/a>\n\n\n\n<div style=\"height:100px\" aria-hidden=\"true\" class=\"wp-block-spacer\"><\/div>\n\n\n\n<b>Championnat Jeunes &#8211; T3 &#8211; St-Ch\u00e9ly &#8211; 29-04-17<\/b><br>\n<a href=\"https:\/\/get.google.com\/albumarchive\/pwa\/113828188805546847589\/album\/6417086087420397569\" target=\"_blank\" rel=\"noopener noreferrer\"><img src=\"http:\/\/emtt48.fr\/wp-content\/uploads\/2019\/04\/champ-jeune-t3.jpg\" width=\"500\" alt=\"Championnat Jeunes - T3 - St-Ch\u00e9ly - 29-04-17\"><\/a>\n\n\n\n<div style=\"height:100px\" aria-hidden=\"true\" class=\"wp-block-spacer\"><\/div>\n\n\n\n<b>R1 &#8211; AGDE \/ EMTT1 26-03-17<\/b><br>\n<a href=\"https:\/\/get.google.com\/albumarchive\/pwa\/113828188805546847589\/album\/6414528212792838785\" target=\"_blank\" rel=\"noopener noreferrer\"><img src=\"http:\/\/emtt48.fr\/wp-content\/uploads\/2019\/04\/agde.jpg\" width=\"500\" alt=\"R1 - AGDE \/ EMTT1 26-03-17\"><\/a>\n\n\n\n<div style=\"height:100px\" aria-hidden=\"true\" class=\"wp-block-spacer\"><\/div>\n\n\n\n<b>Stage Dep. &#8211; Montrodat &#8211; 4\/7-04-2017<\/b><br>\n<a href=\"https:\/\/get.google.com\/albumarchive\/pwa\/113828188805546847589\/album\/6416746067879799041\" target=\"_blank\" rel=\"noopener noreferrer\"><img src=\"http:\/\/emtt48.fr\/wp-content\/uploads\/2019\/04\/stage-dep.jpg\" width=\"500\" alt=\"Stage Dep. - Montrodat - 4\/7-04-2017\"><\/a>\n\n\n\n<div style=\"height:100px\" aria-hidden=\"true\" class=\"wp-block-spacer\"><\/div>\n\n\n\n<b>Crit\u00e9rium R\u00e9g. T4 &#8211; M\u00e8ze 19-03-17<\/b><br>\n<a href=\"https:\/\/get.google.com\/albumarchive\/pwa\/113828188805546847589\/album\/6417118619496340049\" target=\"_blank\" rel=\"noopener noreferrer\"><img src=\"http:\/\/emtt48.fr\/wp-content\/uploads\/2019\/04\/crit-reg.jpg\" width=\"500\" alt=\"Crit\u00e9rium R\u00e9g. T4 - M\u00e8ze 19-03-17\"><\/a>\n\n\n\n<div style=\"height:100px\" aria-hidden=\"true\" class=\"wp-block-spacer\"><\/div>\n\n\n\n<b>Top 12 Occitanie &#8211; L\u00e9zignan Corbi\u00e8res 07-01-17<\/b><br>\n<a href=\"https:\/\/get.google.com\/albumarchive\/pwa\/113828188805546847589\/album\/6416351018318630753\" target=\"_blank\" rel=\"noopener noreferrer\"><img src=\"http:\/\/emtt48.fr\/wp-content\/uploads\/2019\/04\/top12.jpg\" width=\"500\" alt=\"Top 12 Occitanie - L\u00e9zignan Corbi\u00e8res 07-01-17\"><\/a>\n\n\n\n<div style=\"height:100px\" aria-hidden=\"true\" class=\"wp-block-spacer\"><\/div>\n\n\n\n<b>Crit\u00e9rium N2 &#8211; Marion\/Lionel &#8211; MEZE &#8211; 26-11-16<\/b><br>\n<a href=\"https:\/\/get.google.com\/albumarchive\/pwa\/113828188805546847589\/album\/6416367959967945265\" target=\"_blank\" rel=\"noopener noreferrer\"><img src=\"http:\/\/emtt48.fr\/wp-content\/uploads\/2019\/04\/crit-n2.jpg\" width=\"500\" alt=\"Crit\u00e9rium N2 - Marion\/Lionel - MEZE - 26-11-16\"><\/a>\n\n\n\n<div style=\"height:100px\" aria-hidden=\"true\" class=\"wp-block-spacer\"><\/div>\n\n\n\n<b>R1-R2-R3 MENDE 19-02-17<\/b><br>\n<a href=\"https:\/\/get.google.com\/albumarchive\/pwa\/113828188805546847589\/album\/6416363206212395265\" target=\"_blank\" rel=\"noopener noreferrer\"><img src=\"http:\/\/emtt48.fr\/wp-content\/uploads\/2019\/04\/r1r2r3-17.jpg\" width=\"500\" alt=\"R1-R2-R3 MENDE 19-02-17\"><\/a>\n\n\n\n<div style=\"height:100px\" aria-hidden=\"true\" class=\"wp-block-spacer\"><\/div>\n\n\n\n<b>S\u00e9ance Baby-ping 10 octobre 2016<\/b><br>\n<a href=\"https:\/\/get.google.com\/albumarchive\/pwa\/113828188805546847589\/album\/6414513831493658193\" target=\"_blank\" rel=\"noopener noreferrer\"><img src=\"http:\/\/emtt48.fr\/wp-content\/uploads\/2019\/04\/seance-baby.jpg\" width=\"500\" alt=\"S\u00e9ance Baby-ping 10 octobre 2016\"><\/a>\n\n\n\n<div style=\"height:100px\" aria-hidden=\"true\" class=\"wp-block-spacer\"><\/div>\n\n\n\n<b>R2 &#8211; EMTT \/ ST-CHRISTOL 11-12-16<\/b><br>\n<a href=\"https:\/\/get.google.com\/albumarchive\/pwa\/113828188805546847589\/album\/6414526916891706673\" target=\"_blank\" rel=\"noopener noreferrer\"><img src=\"http:\/\/emtt48.fr\/wp-content\/uploads\/2019\/04\/st-christol.jpg\" width=\"500\" alt=\"R2 - EMTT \/ ST-CHRISTOL 11-12-16\"><\/a>\n\n\n\n<div style=\"height:100px\" aria-hidden=\"true\" class=\"wp-block-spacer\"><\/div>\n\n\n\n<b>Championnat d\u00e9p. Equipes &#8211; J1 &#8211; 23-09-16<\/b><br>\n<a href=\"https:\/\/get.google.com\/albumarchive\/pwa\/113828188805546847589\/album\/6349232933863735809\" target=\"_blank\" rel=\"noopener noreferrer\"><img src=\"http:\/\/emtt48.fr\/wp-content\/uploads\/2019\/04\/champ-dep-equipe.jpg\" width=\"500\" alt=\"Championnat d\u00e9p. Equipes - J1 - 23-09-16\"><\/a>\n\n\n\n<div style=\"height:100px\" aria-hidden=\"true\" class=\"wp-block-spacer\"><\/div>\n\n\n\n<b>R2-R3 &#8211; MENDE 22-01-17<\/b><br>\n<a href=\"https:\/\/get.google.com\/albumarchive\/pwa\/113828188805546847589\/album\/6416367131218535217\" target=\"_blank\" rel=\"noopener noreferrer\"><img src=\"http:\/\/emtt48.fr\/wp-content\/uploads\/2019\/04\/r2r3-mende.jpg\" width=\"500\" alt=\"R2-R3 - MENDE 22-01-17\"><\/a>\n\n\n\n<div style=\"height:100px\" aria-hidden=\"true\" class=\"wp-block-spacer\"><\/div>\n\n\n\n<b>Rentr\u00e9e Sept. &#8211; Entrainement du mer. 14-09-16<\/b><br>\n<a href=\"https:\/\/get.google.com\/albumarchive\/pwa\/113828188805546847589\/album\/6414519497994147873\" target=\"_blank\" rel=\"noopener noreferrer\"><img src=\"http:\/\/emtt48.fr\/wp-content\/uploads\/2019\/04\/rentree-sept.jpg\" width=\"500\" alt=\"Rentr\u00e9e Sept. - Entrainement du mer. 14-09-16\"><\/a>\n\n\n\n<div style=\"height:100px\" aria-hidden=\"true\" class=\"wp-block-spacer\"><\/div>\n\n\n\n<b>Crit\u00e9rium R\u00e9gional Montrodat &#8211; T2 &#8211; 13-11-16<\/b><br>\n<a href=\"https:\/\/get.google.com\/albumarchive\/pwa\/113828188805546847589\/album\/6354037537672775793\" target=\"_blank\" rel=\"noopener noreferrer\"><img src=\"http:\/\/emtt48.fr\/wp-content\/uploads\/2019\/04\/crit-montrodat.jpg\" width=\"500\" alt=\"Crit\u00e9rium R\u00e9gional Montrodat - T2 - 13-11-16\"><\/a>\n\n\n\n<div style=\"height:100px\" aria-hidden=\"true\" class=\"wp-block-spacer\"><\/div>\n\n\n\n<b>Hommage \u00e0 Tony 19 septembre 2016<\/b><br>\n<a href=\"https:\/\/get.google.com\/albumarchive\/113828188805546847589\/album\/AF1QipOlos7rNjWUT0fyp81lghzSYf1dwSxOmDrvQxWZ\" target=\"_blank\" rel=\"noopener noreferrer\"><img src=\"http:\/\/emtt48.fr\/wp-content\/uploads\/2019\/04\/hommage.jpg\" width=\"500\" alt=\"Hommage \u00e0 Tony 19 septembre 2016\"><\/a>\n\n\n\n<div style=\"height:100px\" aria-hidden=\"true\" class=\"wp-block-spacer\"><\/div>\n\n\n\n<b>R1-R3 MENDE 06-11-17<\/b><br>\n<a href=\"https:\/\/get.google.com\/albumarchive\/pwa\/113828188805546847589\/album\/6416364497854900257\" target=\"_blank\" rel=\"noopener noreferrer\"><img src=\"http:\/\/emtt48.fr\/wp-content\/uploads\/2019\/04\/r2r3-mende-1.jpg\" width=\"500\" alt=\"R1-R3 MENDE 06-11-17\"><\/a>\n\n\n\n<div style=\"height:100px\" aria-hidden=\"true\" class=\"wp-block-spacer\"><\/div>\n\n\n\n<b>Stage Dep. MENDE &#8211; 25\/28-10-16<\/b><br>\n<a href=\"https:\/\/get.google.com\/albumarchive\/pwa\/113828188805546847589\/album\/6416372965520954193\" target=\"_blank\" rel=\"noopener noreferrer\"><img src=\"http:\/\/emtt48.fr\/wp-content\/uploads\/2019\/04\/stage-dep-mende.jpg\" width=\"500\" alt=\"Stage Dep. MENDE - 25\/28-10-16\"><\/a>\n","protected":false},"excerpt":{"rendered":"<p>Championnat de LOZERE 2017 &#8211; MENDE Repas fin d&#8217;ann\u00e9e &#8211; 30-06-17 Les groupes du Mercredi Baby Ping &#8211; Derni\u00e8re S\u00e9ance &#8211; 12-06-17 R1-R2-R3 MENDE 23-04-17 Championnat Jeunes &#8211; T3 &#8211; St-Ch\u00e9ly &#8211; 29-04-17 R1 &#8211; AGDE \/ EMTT1 26-03-17 Stage Dep. &#8211; Montrodat &#8211; 4\/7-04-2017 Crit\u00e9rium R\u00e9g. T4 &#8211; M\u00e8ze 19-03-17 Top 12 Occitanie &#8211;&hellip; <br \/> <a class=\"read-more\" href=\"https:\/\/emtt48.fr\/index.php\/saison-2017-2016\/\">Read more<\/a><\/p>\n","protected":false},"author":1,"featured_media":0,"parent":0,"menu_order":0,"comment_status":"closed","ping_status":"closed","template":"","meta":[],"_links":{"self":[{"href":"https:\/\/emtt48.fr\/index.php\/wp-json\/wp\/v2\/pages\/90"}],"collection":[{"href":"https:\/\/emtt48.fr\/index.php\/wp-json\/wp\/v2\/pages"}],"about":[{"href":"https:\/\/emtt48.fr\/index.php\/wp-json\/wp\/v2\/types\/page"}],"author":[{"embeddable":true,"href":"https:\/\/emtt48.fr\/index.php\/wp-json\/wp\/v2\/users\/1"}],"replies":[{"embeddable":true,"href":"https:\/\/emtt48.fr\/index.php\/wp-json\/wp\/v2\/comments?post=90"}],"version-history":[{"count":12,"href":"https:\/\/emtt48.fr\/index.php\/wp-json\/wp\/v2\/pages\/90\/revisions"}],"predecessor-version":[{"id":426,"href":"https:\/\/emtt48.fr\/index.php\/wp-json\/wp\/v2\/pages\/90\/revisions\/426"}],"wp:attachment":[{"href":"https:\/\/emtt48.fr\/index.php\/wp-json\/wp\/v2\/media?parent=90"}],"curies":[{"name":"wp","href":"https:\/\/api.w.org\/{rel}","templated":true}]}}