{"id":176,"date":"2019-04-03T09:53:49","date_gmt":"2019-04-03T07:53:49","guid":{"rendered":"http:\/\/emtt48.fr\/?page_id=176"},"modified":"2019-04-04T18:57:08","modified_gmt":"2019-04-04T16:57:08","slug":"saison-2001-02","status":"publish","type":"page","link":"https:\/\/emtt48.fr\/index.php\/saison-2001-02\/","title":{"rendered":"Saison 2001-02"},"content":{"rendered":"\n<b>LN &#8211; L&#8217;\u00e9veil pourrait rena\u00eetre &#8211; Mars 2002<\/b><br>\n<a href=\"http:\/\/emtt48.fr\/wp-content\/uploads\/2019\/04\/LN-Leveil-pourrait-rena\u00eetre-XX-03-2002.pdf\" target=\"_blank\" rel=\"noopener noreferrer\"><img src=\"http:\/\/emtt48.fr\/wp-content\/uploads\/2019\/04\/parcours-sans-faute.png\" width=\"500\" alt=\"LN - L'\u00e9veil pourrait rena\u00eetre - Mars 2002\"><\/a>\n\n\n\n<div style=\"height:100px\" aria-hidden=\"true\" class=\"wp-block-spacer\"><\/div>\n\n\n\n<b>LN &#8211; L&#8217;\u00e9veil rena\u00eet &#8211; Avril 2002<\/b><br>\n<a href=\"http:\/\/emtt48.fr\/wp-content\/uploads\/2019\/04\/LN-Leveil-rena\u00eet-XX-04-2002.pdf\" target=\"_blank\" rel=\"noopener noreferrer\"><img src=\"http:\/\/emtt48.fr\/wp-content\/uploads\/2019\/04\/eveil-renait.png\" width=\"500\" alt=\"LN - L'\u00e9veil rena\u00eet - Avril 2002\"><\/a>\n","protected":false},"excerpt":{"rendered":"<p>LN &#8211; L&#8217;\u00e9veil pourrait rena\u00eetre &#8211; Mars 2002 LN &#8211; L&#8217;\u00e9veil rena\u00eet &#8211; Avril 2002<\/p>\n","protected":false},"author":1,"featured_media":0,"parent":0,"menu_order":0,"comment_status":"closed","ping_status":"closed","template":"","meta":[],"_links":{"self":[{"href":"https:\/\/emtt48.fr\/index.php\/wp-json\/wp\/v2\/pages\/176"}],"collection":[{"href":"https:\/\/emtt48.fr\/index.php\/wp-json\/wp\/v2\/pages"}],"about":[{"href":"https:\/\/emtt48.fr\/index.php\/wp-json\/wp\/v2\/types\/page"}],"author":[{"embeddable":true,"href":"https:\/\/emtt48.fr\/index.php\/wp-json\/wp\/v2\/users\/1"}],"replies":[{"embeddable":true,"href":"https:\/\/emtt48.fr\/index.php\/wp-json\/wp\/v2\/comments?post=176"}],"version-history":[{"count":4,"href":"https:\/\/emtt48.fr\/index.php\/wp-json\/wp\/v2\/pages\/176\/revisions"}],"predecessor-version":[{"id":615,"href":"https:\/\/emtt48.fr\/index.php\/wp-json\/wp\/v2\/pages\/176\/revisions\/615"}],"wp:attachment":[{"href":"https:\/\/emtt48.fr\/index.php\/wp-json\/wp\/v2\/media?parent=176"}],"curies":[{"name":"wp","href":"https:\/\/api.w.org\/{rel}","templated":true}]}}

<b>LN &#8211; L&#8217;éveil pourrait renaître &#8211; Mars 2002</b><br>
<a href="http://emtt48.fr/wp-content/uploads/2019/04/LN-Leveil-pourrait-renaître-XX-03-2002.pdf" target="_blank" rel="noopener noreferrer"><img src="http://emtt48.fr/wp-content/uploads/2019/04/parcours-sans-faute.png" width="500" alt="LN - L'éveil pourrait renaître - Mars 2002"></a>



<div style="height:100px" aria-hidden="true" class="wp-block-spacer"></div>



<b>LN &#8211; L&#8217;éveil renaît &#8211; Avril 2002</b><br>
<a href="http://emtt48.fr/wp-content/uploads/2019/04/LN-Leveil-renaît-XX-04-2002.pdf" target="_blank" rel="noopener noreferrer"><img src="http://emtt48.fr/wp-content/uploads/2019/04/eveil-renait.png" width="500" alt="LN - L'éveil renaît - Avril 2002"></a>

<p>LN &#8211; L&#8217;éveil pourrait renaître &#8211; Mars 2002 LN &#8211; L&#8217;éveil renaît &#8211; Avril 2002</p>
